termine s(c).
3
Let z be 30/4*16/(-20)*1. Let h(q) = -q**3 - 10*q**2 - 5*q - 1. Let j(i) = i**3 + 11*i**2 + 5*i + 1. Let c(y) = -4*h(y) - 3*j(y). What is c(z)?
7
Suppose -5*f = -3 - 7. Let i(a) = 8*a + 6. Let r(y) = -y - 6*y - 5 + 0*y. Let b(d) = -6*i(d) - 7*r(d). Give b(f).
1
Let c(j) = -4*j + 1. Suppose k - 16 = -o, -5*o = 1 + 9. Suppose k = 5*x - 2. What is c(x)?
-15
Suppose 2*z + 21 = 5*r, -7*r = z - 9*r + 8. Suppose f = -3*y + z*y - 3, 4*f - 3*y = 16. Let t(s) be the second derivative of -s**4/4 + s**2/2 - s. Give t(f).
-2
Let v(p) be the third derivative of -p**7/840 - p**6/72 + p**5/30 + p**4/6 + p**3/2 - 10*p**2. Let j(d) be the first derivative of v(d). What is j(-5)?
-16
Let a(k) be the second derivative of -k**3/2 + 5*k**2 - 320*k. What is a(5)?
-5
Let v be (6 + -16)*2/(-10). Let u(q) = -q**2 + 3*q - 2*q - 3*q + 2*q**v - 1. Let g be u(2). Let n(i) = -i**3 + 2*i**2 + i. What is n(g)?
2
Let z be 75/27 + (-8)/(-36). Suppose 36 = z*p + 4*j + 1, -5*p + 40 = 3*j. Suppose 15 = 5*n - p. Let q(l) = -l**3 + 5*l**2 - 5*l + 4. Give q(n).
0
Let m(w) = 10*w**2 + 13. Let g(q) = 8*q**2 - q + 12. Let l(x) = 6*g(x) - 5*m(x). Determine l(2).
-13
Let n(f) be the first derivative of f**3/6 + 4*f**2 + 25*f - 11. Let y(q) be the first derivative of n(q). Determine y(0).
8
Let r(x) = -x**2 - x + 1. Let f be ((-20)/(-25))/((-6)/(-15)) + 3. Let k = -1 - -1. Suppose -m - f*m = k. What is r(m)?
1
Suppose -2*m + 16 = 2*u, -2*m = -3*u + u. Let w(v) = -v**2 + 5*v - 1. Calculate w(m).
3
Let o(m) = -m**2 - 12*m + 3. Suppose -x = -5*x - 5*w - 43, x - w + 13 = 0. What is o(x)?
3
Let p(u) = 359*u**3 - 1 - 360*u**3 + 6*u**2 - 6*u + u. What is p(5)?
-1
Let u(l) be the third derivative of -l**6/15 + l**5/60 - l**4/12 + l**3/6 + l**2. Let o be 8/28 + (-20)/(-28). Give u(o).
-8
Let q(c) = -64*c**2 - 3 - 7*c + 35*c**2 + 28*c**2. Let y be q(-6). Let n(m) = -1 + 8*m + m + y*m. Calculate n(1).
11
Let j(d) = d**3 - 4*d**2 - 3*d - 4. Let h be 8/(-5)*35/(-14). Let m be h/(-18) - (-2 - 58/18). What is j(m)?
6
Suppose -l + 3*m = 2*l - 39, 0 = -4*l + m + 49. Suppose 0*z = -3*z - l. Let f(r) = -2 + 8*r + 4 - 2*r + r**2. Determine f(z).
-6
Suppose 4*k - 11 = 3*m - 6*m, -2*m + 12 = 5*k. Let n(p) = p - 3*p + 0*p**2 + 6*p - p**k + 1. Suppose 5*t = 10, -4*v - 4 = -2*v - 5*t. Give n(v).
4
Let y(t) be the first derivative of 4*t**2 - 2*t**2 - 12*t + 5*t - 5. Let l = -31 - -36. Give y(l).
13
Let i = -3 + 13. Let a(v) = -i*v + 13*v**2 - 17*v**2 + v**3 + 9*v + 1. Determine a(4).
-3
Let o = 3 - 0. Suppose -2*d - 10 = 0, q + o + 0 = -4*d. Let z = q - 14. Let k(v) = v - 3. Determine k(z).
0
Suppose 6*b - 91 = 19*b. Let u(d) = d**3 + 6*d**2 - 6*d. Give u(b).
-7
Let d(b) = -5*b**2 - 2*b + 1. Suppose 0 = -5*y + 8*y - 24. Let h(z) = -z**2 + 7*z + 6. Let x be h(y). What is d(x)?
-15
Suppose -2*h + 31 = 3*r - 7*h, 2*r = 3*h + 21. Suppose 7 = 5*c + 2*x - r, -c + 11 = -2*x. Let s(d) = d - 2. Calculate s(c).
3
Let n(p) = 2*p**2 + 13*p + 18. Let o(w) = -w**2 - 6*w - 10. Let q(y) = -4*n(y) - 7*o(y). Calculate q(-11).
-13
Let h(q) = -5*q + 32. Let g be h(6). Let r(t) = 133 + 7*t**3 + g*t**2 - 134 + 3*t**3. What is r(-1)?
-9
Suppose 0 = -2*h + 2*g - g, 5*h + g - 14 = 0. Let f(m) = -m**3 - m**h - 1 - 11*m + 12*m + 2. Suppose -3*n + 3*r + 15 = 0, 4*n - 2*r = 5*n + 4. Determine f(n).
-9
Let b be 148/222*15/2. Let x(q) = 2*q**2 - 12*q + 11. Give x(b).
1
Let j(k) = 12*k**2 + 2*k - 1. Let m be (-4)/((-1)/(5 + (-55)/10)). What is j(m)?
43
Let a(g) = -g**3 - 5*g**2 - 6*g - 3. Let h = -70 + 72. Let y be ((14 - -2)/(-2))/h. Calculate a(y).
5
Let q(w) = w**2 - 8*w - 2. Let d be 8 + (9 + 1)/5. Give q(d).
18
Suppose 2*s = -2*s - 20. Let q = 7 + s. Let c(a) = 2 - 54*a - 29*a + 79*a. What is c(q)?
-6
Let w(h) = h**2 - 7*h + 5. Let m be (9/(18/(-4)))/(-1). Suppose 0 = d + 3*d + 4*i - 40, -d = -i - m. Determine w(d).
-1
Suppose 3*d + 5*u = 12, 4*d - 39 = u - 0*u. Let g be (21/9)/(-7) + 30/d. Let i(o) = -o. Determine i(g).
-3
Let a(p) = -p**3 + 2*p**2 + 2*p + 1. Suppose 5*m = 5*u - 20, 2*u + 0*u = 4*m + 14. Determine a(m).
40
Let z = -216 + 218. Let r(o) be the first derivative of -1/2*o**z + 2 - 3*o. What is r(-3)?
0
Suppose 0 = 3*p - p. Suppose 0*s - 5*s - 45 = p. Let i = s - -14. Let b(x) = 2*x - 2. Give b(i).
8
Let g(a) = -a**2 + 6*a - 2. Let u be 528/84 + 5/(35/(-2)). What is g(u)?
-2
Let v(f) = -5*f + 2*f - f + 3*f. Let h(p) = -21*p. Let z(y) = -h(y) + 15*v(y). Calculate z(-2).
-12
Let g(d) be the third derivative of d**4/4 + d**3/3 - d**2 - 458. Suppose 3*c = 4*s + 10, -2*c + 11 - 4 = -3*s. Determine g(c).
14
Let w(r) = 2*r**2 - 17*r - 23. Let h(q) be the third derivative of q**5/60 - q**4/3 - 11*q**3/6 + 5*q**2. Let y(x) = 9*h(x) - 4*w(x). Determine y(5).
-2
Let d(c) = -3*c**2 + 3. Let j(h) = h**2 + h - 1. Let v(p) = d(p) + 2*j(p). Let y(k) = -k - 7 + 14 - 9 + k**2. Let g(w) = -5*v(w) - 4*y(w). Calculate g(5).
-2
Let s be (5 + -4 - 2)*(1 + -6). Let q = s - 0. Let g(x) = -x + 6. Determine g(q).
1
Let i(w) = w**3 - 4*w**2 - w. Suppose -3*k - 47 = -2*s, -2*k - s - 28 = -4*s. Let g = 19 + k. Suppose -2*m - 16 = 2*m, -12 = g*a + 5*m. What is i(a)?
-4
Let x(f) = -126*f**2 + 11 + 127*f**2 + 9*f - f. What is x(-5)?
-4
Let p(a) = 52*a**2 + 4*a - 6. Let t be p(4). Let d(u) = 2*u**2 + 838 + 0*u**2 + 4*u - t. Calculate d(-4).
12
Suppose -4*r + 2*v + 12 = -14, -3*r - v = -17. Let j(f) be the third derivative of -f**6/120 + f**5/10 - f**4/12 + 3*f**3/2 - 6*f**2. Give j(r).
-3
Let c(v) = -v**3 - 11*v**2 + 40*v - 21. Suppose 2*z + 78 = -5*k, 11*k - 14*k - 34 = -2*z. Determine c(k).
7
Let c(b) = 4*b**3 - 12*b**2 - 12*b - 10. Let u = 45 - 48. Let n(s) = 7*s**3 - 23*s**2 - 23*s - 20. Let z(o) = u*n(o) + 5*c(o). Calculate z(10).
0
Let z(h) = h + 11. Let p(s) = -52*s - 11. Let b be p(0). Determine z(b).
0
Let a(p) be the second derivative of 11*p + 1/12*p**4 + 2*p**2 - 5/6*p**3 + 0. Determine a(4).
0
Let f = 41 - 29. Suppose -f = -4*p + 6*p. Let i(r) = -2 - 18*r + 30*r + 4*r**2 - 5*r**2 - 20*r. Determine i(p).
10
Let z(s) = -5 + 0*s**2 + 3*s + s**3 - 5*s**2 + 0. Let h be -2 + 20/(9 - 4). Suppose -a - a - 2*x - 2 = 0, 0 = -4*a + h*x + 26. Calculate z(a).
-9
Let p(v) be the first derivative of v**6/360 - v**5/60 - v**3/3 + 1. Let k(n) be the third derivative of p(n). Let s be (-1)/((-376)/(-32) - 12). What is k(s)?
8
Let y(x) = -5*x**3 - 3*x**2 + 3*x - 2. Let z(n) = 6*n**3 + 3*n**2 - 4*n + 2. Let j(l) = 5*y(l) + 4*z(l). Let s = 70 + -73. Give j(s).
1
Let w(a) = 0*a + 2*a + 2 - a. Let r(s) = s**2 - 17. Let c be r(4). Let v(u) = -3*u**3 - 2*u - 2. Let h be v(c). Determine w(h).
5
Let n(s) = -7*s - 8. Let v(i) = 6*i + 8. Let k(u) = -3*u + 22. Let z be k(9). Let w(x) = z*n(x) - 6*v(x). Let d(q) = q - 11. Let a be d(6). Determine w(a).
-3
Let q = 179 - 178. Let m(z) = -2*z**3 + z. Give m(q).
-1
Let z(v) = v**3 - 10*v**2 - 4. Suppose u + 3*x + 25 = 6*u, 2*x - 25 = -5*u. Let j(b) = 7*b - 25. Let t be j(u). Calculate z(t).
-4
Let i(z) = z**2 - 12*z + 3. Let a = -482 - -493. Determine i(a).
-8
Let s(w) be the second derivative of w**4/3 - 7*w**3/6 + 2*w**2 - 568*w. Give s(2).
6
Let g = 24 - 21. Let v(j) = -15 + 10 - 5*j + 0*j + g*j**2 + j**3. Give v(-4).
-1
Let x(j) = -7*j - 1. Suppose -3*t - 5*s = 13, 0 = t - 0*t + 4*s + 16. Suppose -f + 2*f + 5*u + 14 = 0, -2*u = -t*f + 10. Give x(f).
-8
Let s(g) = g**2 + 2*g + 2. Let m be s(-3). Suppose y + m = -2*q, -q - 3 = y + 1. Let x(l) be the first derivative of l**2/2 + 3*l - 102. Give x(y).
0
Suppose 1 = 3*z - k, -z + 5*z + 1 = -k. Let x(d) be the first derivative of z*d - 6 + 5/2*d**2 - 1/3*d**3. Give x(6).
-6
Let m(d) = d**2 - 6*d - 6*d - 3*d + 5 + 4*d. Let u be 8 - (2/(-3) + 4/(-12)). Calculate m(u).
-13
Suppose 4*d + 2 = -j - 14, j - 4 = d. Let l(n) = j*n - n + 0*n - n**3. Suppose -2*s = -8*o + 3*o, 0 = -s + 3*o. Calculate l(s).
0
Suppose 5*i + 8 = 3*r, -i - 12 = 2*r - 0. Let k(y) = -y**2 + 10*y + 6. Let j(p) = p**2 - 2*p - 1. Let z(h) = -2*j(h) - k(h). Determine z(r).
4
Let d(h) be the second derivative of -1/6*h**4 + 1/6*h**3 + 0 - 14*h + 3/2*h**2. Determine d(-3).
-18
Let h be 6/(-51) + 38/34. Let z(j) = -4*j**3 + j**2 - 2*j + 1. Give z(h).
-4
Let f(h) be the second derivative of -h**3/6 - 3*h**2 - 56*h. Determine f(-11).
5
Let k(q) = 5*q**2 - 20*q + 3. Let c be k(4). Let r(g) = -g - g**2 + 3*g